{"id":1451,"date":"2019-07-19T12:33:35","date_gmt":"2019-07-19T12:33:35","guid":{"rendered":"http:\/\/www.belan.cz\/?page_id=1451"},"modified":"2023-05-11T06:37:48","modified_gmt":"2023-05-11T06:37:48","slug":"cenik-foceni","status":"publish","type":"page","link":"https:\/\/www.belan.cz\/?page_id=1451","title":{"rendered":"Cen\u00edk focen\u00ed"},"content":{"rendered":"<p><strong>Z\u00c1KLADN\u00cd BAL\u00cd\u010cEK<\/strong><br \/>\n&#8211; Po\u010det hodin focen\u00ed 5<br \/>\n&#8211; Po\u010det upraven\u00fdch fotografi\u00ed 80<br \/>\n&#8211; Upraven\u00e9 fotografie zaslan\u00e9 elektronicky + CD<br \/>\n&#8211; Doprava do 25 km od Brna ZDARMA, ka\u017ed\u00fd dal\u0161\u00ed km nad r\u00e1mec 9 K\u010d<br \/>\nCENA: <strong>9.900 <\/strong><\/p>\n<p><strong>ST\u0158EDN\u00cd BAL\u00cd\u010cEK<\/strong><br \/>\n&#8211; Po\u010det hodin focen\u00ed 14<br \/>\n&#8211; Po\u010det upraven\u00fdch fotografi\u00ed 200<br \/>\n&#8211; Upraven\u00e9 fotografie zaslan\u00e9 elektronicky + CD<br \/>\n&#8211; Doprava do 25 km od Brna ZDARMA, ka\u017ed\u00fd dal\u0161\u00ed km nad r\u00e1mec 9 K\u010d<br \/>\nCENA: <strong>17.900<\/strong><\/p>\n<p><strong>VELK\u00dd BAL\u00cd\u010cEK<\/strong><br \/>\n&#8211; Po\u010det hodin focen\u00ed 17<br \/>\n&#8211; P\u0159edsvatebn\u00ed sch\u016fzka s hodinov\u00fdm focen\u00edm a 6 upraven\u00fdch fotografi\u00ed<br \/>\n&#8211; Po\u010det upraven\u00fdch fotografi\u00ed 300<br \/>\n&#8211; Upraven\u00e9 fotografie zaslan\u00e9 elektronicky + CD<br \/>\n&#8211; Doprava do 50 km od Brna ZDARMA, ka\u017ed\u00fd dal\u0161\u00ed km nad r\u00e1mec 9 K\u010d<br \/>\nCENA: <strong>23.900<\/strong><\/p>\n<p><strong>BAL\u00cd\u010cEK NA M\u00cdRU<\/strong><br \/>\nV p\u0159\u00edpad\u011b, \u017ee \u017e\u00e1dn\u00fd z nab\u00edzen\u00fdch bal\u00ed\u010dk\u016f nespl\u0148uje Va\u0161e po\u017eadavky, r\u00e1d uprav\u00edm dle Va\u0161ich p\u0159edstav.<br \/>\nCENA: dle dohody<br \/>\nMo\u017enosti roz\u0161\u00ed\u0159en\u00ed bal\u00ed\u010dk\u016f:<br \/>\nKa\u017ed\u00e1 dal\u0161\u00ed hodina focen\u00ed nad r\u00e1mec bal\u00ed\u010dku 650 K\u010d.<br \/>\nKa\u017ed\u00fdch dal\u0161\u00edch 10 fotografi\u00ed nad r\u00e1mec bal\u00ed\u010dku 900 K\u010d.<\/p>\n<p><strong>P\u0158EDSVATEBN\u00cd FOCEN\u00cd<\/strong><br \/>\nVelmi r\u00e1d v\u00e1s pozn\u00e1m jako p\u00e1r je\u0161t\u011b p\u0159ed va\u0161\u00edm velk\u00fdm dnem. Sezn\u00e1mit se s va\u0161imi p\u0159edstavami a v\u00e1mi jako p\u00e1rem n\u00e1m spole\u010dn\u011b umo\u017en\u00ed zachytit va\u0161i svatbu tak, abychom zachytili ty nejd\u016fle\u017eit\u011bj\u0161\u00ed emoce a chvilky tohoto dne.<\/p>\n<p>&#8211; Po\u010det hodin focen\u00ed 2<br \/>\n&#8211; Po\u010det upraven\u00fdch fotografi\u00ed 15<br \/>\n&#8211; Upraven\u00e9 fotografie zaslan\u00e9 elektronicky + CD<br \/>\n&#8211; Doprava do 40 km od Brna ZDARMA, ka\u017ed\u00fd dal\u0161\u00ed km nad r\u00e1mec 9 K\u010d<br \/>\nCENA:<br \/>\n<strong>2600 K\u010d<\/strong> (pro p\u00e1ry, kter\u00e9 si objednali svatebn\u00ed focen\u00ed)<br \/>\n<strong>3800 K\u010d<\/strong> (pro p\u00e1ry, kter\u00e9 si neobjednali svatebn\u00ed focen\u00ed)<\/p>\n","protected":false},"excerpt":{"rendered":"<p>Z\u00c1KLADN\u00cd BAL\u00cd\u010cEK &#8211; Po\u010det hodin focen\u00ed 5 &#8211; Po\u010det upraven\u00fdch fotografi\u00ed 80 &#8211; Upraven\u00e9 fotografie zaslan\u00e9 elektronicky + CD &#8211; Doprava do 25 km od Brna ZDARMA, ka\u017ed\u00fd dal\u0161\u00ed km nad r\u00e1mec 9 K\u010d CENA: 9.900 ST\u0158EDN\u00cd BAL\u00cd\u010cEK &#8211; Po\u010det hodin focen\u00ed 14 &#8211; Po\u010det upraven\u00fdch fotografi\u00ed 200 &#8211; Upraven\u00e9 fotografie zaslan\u00e9 elektronicky + CD &#8211; Doprava do 25 km od Brna ZDARMA, ka\u017ed\u00fd dal\u0161\u00ed km nad r\u00e1mec 9 K\u010d CENA: 17.900 VELK\u00dd BAL\u00cd\u010cEK &#8211; Po\u010det hodin focen\u00ed 17 &#8211; P\u0159edsvatebn\u00ed sch\u016fzka s hodinov\u00fdm focen\u00edm a 6 upraven\u00fdch fotografi\u00ed &#8211; Po\u010det upraven\u00fdch fotografi\u00ed 300 &#8211; Upraven\u00e9 fotografie zaslan\u00e9 elektronicky + [&hellip;]<\/p>\n","protected":false},"author":1,"featured_media":0,"parent":0,"menu_order":0,"comment_status":"closed","ping_status":"closed","template":"","meta":{"ngg_post_thumbnail":0},"_links":{"self":[{"href":"https:\/\/www.belan.cz\/index.php?rest_route=\/wp\/v2\/pages\/1451"}],"collection":[{"href":"https:\/\/www.belan.cz\/index.php?rest_route=\/wp\/v2\/pages"}],"about":[{"href":"https:\/\/www.belan.cz\/index.php?rest_route=\/wp\/v2\/types\/page"}],"author":[{"embeddable":true,"href":"https:\/\/www.belan.cz\/index.php?rest_route=\/wp\/v2\/users\/1"}],"replies":[{"embeddable":true,"href":"https:\/\/www.belan.cz\/index.php?rest_route=%2Fwp%2Fv2%2Fcomments&post=1451"}],"version-history":[{"count":11,"href":"https:\/\/www.belan.cz\/index.php?rest_route=\/wp\/v2\/pages\/1451\/revisions"}],"predecessor-version":[{"id":1962,"href":"https:\/\/www.belan.cz\/index.php?rest_route=\/wp\/v2\/pages\/1451\/revisions\/1962"}],"wp:attachment":[{"href":"https:\/\/www.belan.cz\/index.php?rest_route=%2Fwp%2Fv2%2Fmedia&parent=1451"}],"curies":[{"name":"wp","href":"https:\/\/api.w.org\/{rel}","templated":true}]}}

Ceník focení

<p><strong>ZÁKLADNÍ BALÍČEK</strong><br />
&#8211; Počet hodin focení 5<br />
&#8211; Počet upravených fotografií 80<br />
&#8211; Upravené fotografie zaslané elektronicky + CD<br />
&#8211; Doprava do 25 km od Brna ZDARMA, každý další km nad rámec 9 Kč<br />
CENA: <strong>9.900 </strong></p>
<p><strong>STŘEDNÍ BALÍČEK</strong><br />
&#8211; Počet hodin focení 14<br />
&#8211; Počet upravených fotografií 200<br />
&#8211; Upravené fotografie zaslané elektronicky + CD<br />
&#8211; Doprava do 25 km od Brna ZDARMA, každý další km nad rámec 9 Kč<br />
CENA: <strong>17.900</strong></p>
<p><strong>VELKÝ BALÍČEK</strong><br />
&#8211; Počet hodin focení 17<br />
&#8211; Předsvatební schůzka s hodinovým focením a 6 upravených fotografií<br />
&#8211; Počet upravených fotografií 300<br />
&#8211; Upravené fotografie zaslané elektronicky + CD<br />
&#8211; Doprava do 50 km od Brna ZDARMA, každý další km nad rámec 9 Kč<br />
CENA: <strong>23.900</strong></p>
<p><strong>BALÍČEK NA MÍRU</strong><br />
V případě, že žádný z nabízených balíčků nesplňuje Vaše požadavky, rád upravím dle Vašich představ.<br />
CENA: dle dohody<br />
Možnosti rozšíření balíčků:<br />
Každá další hodina focení nad rámec balíčku 650 Kč.<br />
Každých dalších 10 fotografií nad rámec balíčku 900 Kč.</p>
<p><strong>PŘEDSVATEBNÍ FOCENÍ</strong><br />
Velmi rád vás poznám jako pár ještě před vaším velkým dnem. Seznámit se s vašimi představami a vámi jako párem nám společně umožní zachytit vaši svatbu tak, abychom zachytili ty nejdůležitější emoce a chvilky tohoto dne.</p>
<p>&#8211; Počet hodin focení 2<br />
&#8211; Počet upravených fotografií 15<br />
&#8211; Upravené fotografie zaslané elektronicky + CD<br />
&#8211; Doprava do 40 km od Brna ZDARMA, každý další km nad rámec 9 Kč<br />
CENA:<br />
<strong>2600 Kč</strong> (pro páry, které si objednali svatební focení)<br />
<strong>3800 Kč</strong> (pro páry, které si neobjednali svatební focení)</p>

<p>ZÁKLADNÍ BALÍČEK &#8211; Počet hodin focení 5 &#8211; Počet upravených fotografií 80 &#8211; Upravené fotografie zaslané elektronicky + CD &#8211; Doprava do 25 km od Brna ZDARMA, každý další km nad rámec 9 Kč CENA: 9.900 STŘEDNÍ BALÍČEK &#8211; Počet hodin focení 14 &#8211; Počet upravených fotografií 200 &#8211; Upravené fotografie zaslané elektronicky + CD &#8211; Doprava do 25 km od Brna ZDARMA, každý další km nad rámec 9 Kč CENA: 17.900 VELKÝ BALÍČEK &#8211; Počet hodin focení 17 &#8211; Předsvatební schůzka s hodinovým focením a 6 upravených fotografií &#8211; Počet upravených fotografií 300 &#8211; Upravené fotografie zaslané elektronicky + [&hellip;]</p>
